{"id":13,"date":"2017-07-04T20:57:38","date_gmt":"2017-07-04T18:57:38","guid":{"rendered":"http:\/\/schiri-boeblingen.de\/?page_id=13"},"modified":"2024-09-04T15:41:22","modified_gmt":"2024-09-04T13:41:22","slug":"unsere-gruppe","status":"publish","type":"page","link":"https:\/\/schiri-boeblingen.de\/?page_id=13","title":{"rendered":"Unsere Gruppe"},"content":{"rendered":"<h2>Gr\u00fcndung<\/h2>\n<p>Die SRG B\u00f6blingen wurde 1938, damals genannt Kreisschiedsrichter-Gruppe, zur selbst\u00e4ndigen Gruppe erhoben. Davor geh\u00f6rten die Schiedsrichter aus dem Kreis B\u00f6blingen zur Kreisschiedsrichtervereinigung Stuttgart, Gruppe S\u00fcd.<\/p>\n<h2>Neuorganisation<\/h2>\n<p>Im Rahmen einer Neuorganisation der Bezirke wurde im Jahre 1963 der Bezirk B\u00f6blingen\/Calw gebildet, die SR-Gruppen B\u00f6blingen und Calw wurden in diesen Bezirk integriert. Das Amt des Bezirks-SR-Obmanns wird bis zum heutigen Tag im dreij\u00e4hrigen Wechsel von den Obm\u00e4nnern beider Gruppen wahrgenommen.<\/p>\n<h2>Jubil\u00e4um<\/h2>\n<p>Im Jahre 2013 feierte die SRG B\u00f6blingen in der Festhalle in Ehningen das 75-j\u00e4hrige Bestehen. Diese Jubil\u00e4umsfeier war eine gelungene Veranstaltung, zu der auch viele G\u00e4ste und die SR-Aussch\u00fcsse der Nachbargruppen eingeladen waren. Mit einer Zahl von rund 170 Schiedsrichtern ist die Gruppe B\u00f6blingen heute weiterhin eine feste Gr\u00f6\u00dfe im Bereich des W\u00fcrttembergischen Fu\u00dfballverbandes.<\/p>\n<h2>Unsere bisherigen Obm\u00e4nner<\/h2>\n<p>1938 &#8211; 1939\u00a0Hermann Rettberg, Sindelfingen<br \/>\n1939 &#8211; 1950\u00a0Karl Ritter, Sindelfingen<br \/>\n1950 &#8211; 1955\u00a0Erich Haller, Herrenberg<br \/>\n1956 &#8211; 1965\u00a0Hermann Rettberg, Sindelfingen<br \/>\n1965 &#8211; 1979\u00a0Albert Binder, Holzgerlingen<br \/>\n1979 &#8211; 1986\u00a0G\u00fcnther Hirner, B\u00f6blingen<br \/>\n1986 &#8211; 1999\u00a0Friedrich Emmert, Sindelfingen<br \/>\n1999 &#8211; 2020 Kurt-Heinz Kuhbier, Darmsheim<br \/>\n<b>2020 &#8211; heute Achim Gack,\u00a0<\/b><span style=\"font-weight: 600;\">Herrenberg<\/span><b>\u00a0und Christian Runge, Herrenberg<\/b><\/p>\n","protected":false},"excerpt":{"rendered":"<p>Gr\u00fcndung Die SRG B\u00f6blingen wurde 1938, damals genannt Kreisschiedsrichter-Gruppe, zur selbst\u00e4ndigen Gruppe erhoben. Davor geh\u00f6rten die Schiedsrichter aus dem Kreis B\u00f6blingen zur Kreisschiedsrichtervereinigung Stuttgart, Gruppe S\u00fcd. Neuorganisation Im Rahmen einer Neuorganisation der Bezirke wurde im Jahre 1963 der Bezirk B\u00f6blingen\/Calw &hellip; <a href=\"https:\/\/schiri-boeblingen.de\/?page_id=13\">Weiterlesen <span class=\"meta-nav\">&rarr;<\/span><\/a><\/p>\n","protected":false},"author":2,"featured_media":0,"parent":0,"menu_order":0,"comment_status":"closed","ping_status":"closed","template":"","meta":{"footnotes":""},"class_list":["post-13","page","type-page","status-publish","hentry"],"_links":{"self":[{"href":"https:\/\/schiri-boeblingen.de\/index.php?rest_route=\/wp\/v2\/pages\/13","targetHints":{"allow":["GET"]}}],"collection":[{"href":"https:\/\/schiri-boeblingen.de\/index.php?rest_route=\/wp\/v2\/pages"}],"about":[{"href":"https:\/\/schiri-boeblingen.de\/index.php?rest_route=\/wp\/v2\/types\/page"}],"author":[{"embeddable":true,"href":"https:\/\/schiri-boeblingen.de\/index.php?rest_route=\/wp\/v2\/users\/2"}],"replies":[{"embeddable":true,"href":"https:\/\/schiri-boeblingen.de\/index.php?rest_route=%2Fwp%2Fv2%2Fcomments&post=13"}],"version-history":[{"count":7,"href":"https:\/\/schiri-boeblingen.de\/index.php?rest_route=\/wp\/v2\/pages\/13\/revisions"}],"predecessor-version":[{"id":2073,"href":"https:\/\/schiri-boeblingen.de\/index.php?rest_route=\/wp\/v2\/pages\/13\/revisions\/2073"}],"wp:attachment":[{"href":"https:\/\/schiri-boeblingen.de\/index.php?rest_route=%2Fwp%2Fv2%2Fmedia&parent=13"}],"curies":[{"name":"wp","href":"https:\/\/api.w.org\/{rel}","templated":true}]}}