{"id":1456,"date":"2021-11-28T20:00:00","date_gmt":"2021-11-28T19:00:00","guid":{"rendered":"http:\/\/schiri-boeblingen.de\/?page_id=1456"},"modified":"2025-09-21T10:42:34","modified_gmt":"2025-09-21T08:42:34","slug":"schiedsrichter-training","status":"publish","type":"page","link":"https:\/\/schiri-boeblingen.de\/?page_id=1456","title":{"rendered":"Schiedsrichter-Training"},"content":{"rendered":"\n<p>F\u00fcr die k\u00f6rperliche Ert\u00fcchtigung und der Verfestigung der Fu\u00dfball-Regeln ist ein Schiedsrichter-Training abgedacht. Aufgrund fehlender Resonanz findet das Training derzeit nicht statt. <\/p>\n","protected":false},"excerpt":{"rendered":"<p>F\u00fcr die k\u00f6rperliche Ert\u00fcchtigung und der Verfestigung der Fu\u00dfball-Regeln ist ein Schiedsrichter-Training abgedacht. Aufgrund fehlender Resonanz findet das Training derzeit nicht statt.<\/p>\n","protected":false},"author":2,"featured_media":0,"parent":16,"menu_order":3,"comment_status":"closed","ping_status":"closed","template":"","meta":{"footnotes":""},"class_list":["post-1456","page","type-page","status-publish","hentry"],"_links":{"self":[{"href":"https:\/\/schiri-boeblingen.de\/index.php?rest_route=\/wp\/v2\/pages\/1456","targetHints":{"allow":["GET"]}}],"collection":[{"href":"https:\/\/schiri-boeblingen.de\/index.php?rest_route=\/wp\/v2\/pages"}],"about":[{"href":"https:\/\/schiri-boeblingen.de\/index.php?rest_route=\/wp\/v2\/types\/page"}],"author":[{"embeddable":true,"href":"https:\/\/schiri-boeblingen.de\/index.php?rest_route=\/wp\/v2\/users\/2"}],"replies":[{"embeddable":true,"href":"https:\/\/schiri-boeblingen.de\/index.php?rest_route=%2Fwp%2Fv2%2Fcomments&post=1456"}],"version-history":[{"count":4,"href":"https:\/\/schiri-boeblingen.de\/index.php?rest_route=\/wp\/v2\/pages\/1456\/revisions"}],"predecessor-version":[{"id":2160,"href":"https:\/\/schiri-boeblingen.de\/index.php?rest_route=\/wp\/v2\/pages\/1456\/revisions\/2160"}],"up":[{"embeddable":true,"href":"https:\/\/schiri-boeblingen.de\/index.php?rest_route=\/wp\/v2\/pages\/16"}],"wp:attachment":[{"href":"https:\/\/schiri-boeblingen.de\/index.php?rest_route=%2Fwp%2Fv2%2Fmedia&parent=1456"}],"curies":[{"name":"wp","href":"https:\/\/api.w.org\/{rel}","templated":true}]}}