{"id":166,"date":"2017-07-11T09:32:07","date_gmt":"2017-07-11T07:32:07","guid":{"rendered":"http:\/\/schiri-boeblingen.de\/?page_id=166"},"modified":"2026-03-19T19:54:30","modified_gmt":"2026-03-19T18:54:30","slug":"neulingskurs","status":"publish","type":"page","link":"https:\/\/schiri-boeblingen.de\/?page_id=166","title":{"rendered":"Neulingskurs"},"content":{"rendered":"<p>Die Schiedsrichtergruppe B\u00f6blingen bietet im Herbst 2026 wieder einen <strong>Schiedsrichter-Neulingskurs<\/strong> an. Dieser Kurs umfasst den Infoabend, Lehreinheiten, die Abschlusspr\u00fcfung sowie ein Zusatzmodul zum Ende des Neulingskurs.<\/p>\n<p class=\"p1\">Im Anschluss dieses Blocks sind alle Neulinge gepr\u00fcfte Schiedsrichter und werden ihre ersten Spielleitungen durchf\u00fchren. Dazu sind Spiele in den unteren Jugendklassen (zwischen C- und E-Jugend) vorgesehen. Bei diesen werden die Neulinge von Paten unserer Schiedsrichtergruppe betreut.<\/p>\n<p>Sollten Sie Interesse haben, so melden Sie sich bitte per E-Mail bei <a href=\"mailto:daniel.buck@srg-boeblingen.de\" target=\"_blank\" rel=\"noopener noreferrer\">Daniel Buck<\/a> oder per Telefon unter der 01575\/3390045<\/p>\n<div class=\"page\" title=\"Page 1\">\n<div class=\"section\">\n<div class=\"layoutArea\">\n<div class=\"column\">&#8212;&#8212;&#8212;&#8212;&#8212;&#8212;&#8212;&#8212;&#8212;&#8212;&#8212;&#8212;&#8212;&#8212;&#8212;&#8212;&#8212;&#8212;&#8212;&#8212;&#8212;&#8212;&#8212;&#8212;&#8212;&#8212;&#8212;&#8212;&#8212;&#8212;&#8212;&#8212;&#8212;&#8212;&#8212;<\/div>\n<\/div>\n<\/div>\n<\/div>\n<p>Nachfolgend noch ein paar allgemeine Informationen zum Neulingskurs:<\/p>\n<p>Der Schiedsrichter-Anw\u00e4rter muss mindestens 14 Jahre alt (mit Ausnahmegenehmigung auch mit 13 Jahren) und ein Mitglied in einem eingetragenen Verein des WFV.<\/p>\n<p>Die schriftliche Pr\u00fcfung umfasst die Beantwortung von 20 Regelfragen, es m\u00fcssen 50 von 60 Punkten erreicht werden. Die zwingende k\u00f6rperliche Leistungspr\u00fcfung umfasst einen Lauf von mindestens 1.600 Metern in zw\u00f6lf Minuten. Ein erfahrener Lehrwart f\u00fchrt durch den Neulingskurs und vermittelt die Fu\u00dfballregeln und weitere administrative Regelungen.<\/p>\n<p>Die Kosten f\u00fcr die Ausbildung belaufen sich auf 35 Euro (am ersten Lehrabend zu entrichten). Daf\u00fcr erhalten die Teilnehmer einen Ordner mit den notwendigen Unterlagen und das neue Regelheft.<\/p>\n","protected":false},"excerpt":{"rendered":"<p>Die Schiedsrichtergruppe B\u00f6blingen bietet im Herbst 2026 wieder einen Schiedsrichter-Neulingskurs an. Dieser Kurs umfasst den Infoabend, Lehreinheiten, die Abschlusspr\u00fcfung sowie ein Zusatzmodul zum Ende des Neulingskurs. Im Anschluss dieses Blocks sind alle Neulinge gepr\u00fcfte Schiedsrichter und werden ihre ersten Spielleitungen &hellip; <a href=\"https:\/\/schiri-boeblingen.de\/?page_id=166\">Weiterlesen <span class=\"meta-nav\">&rarr;<\/span><\/a><\/p>\n","protected":false},"author":2,"featured_media":0,"parent":16,"menu_order":1,"comment_status":"closed","ping_status":"closed","template":"","meta":{"footnotes":""},"class_list":["post-166","page","type-page","status-publish","hentry"],"_links":{"self":[{"href":"https:\/\/schiri-boeblingen.de\/index.php?rest_route=\/wp\/v2\/pages\/166","targetHints":{"allow":["GET"]}}],"collection":[{"href":"https:\/\/schiri-boeblingen.de\/index.php?rest_route=\/wp\/v2\/pages"}],"about":[{"href":"https:\/\/schiri-boeblingen.de\/index.php?rest_route=\/wp\/v2\/types\/page"}],"author":[{"embeddable":true,"href":"https:\/\/schiri-boeblingen.de\/index.php?rest_route=\/wp\/v2\/users\/2"}],"replies":[{"embeddable":true,"href":"https:\/\/schiri-boeblingen.de\/index.php?rest_route=%2Fwp%2Fv2%2Fcomments&post=166"}],"version-history":[{"count":58,"href":"https:\/\/schiri-boeblingen.de\/index.php?rest_route=\/wp\/v2\/pages\/166\/revisions"}],"predecessor-version":[{"id":2228,"href":"https:\/\/schiri-boeblingen.de\/index.php?rest_route=\/wp\/v2\/pages\/166\/revisions\/2228"}],"up":[{"embeddable":true,"href":"https:\/\/schiri-boeblingen.de\/index.php?rest_route=\/wp\/v2\/pages\/16"}],"wp:attachment":[{"href":"https:\/\/schiri-boeblingen.de\/index.php?rest_route=%2Fwp%2Fv2%2Fmedia&parent=166"}],"curies":[{"name":"wp","href":"https:\/\/api.w.org\/{rel}","templated":true}]}}