{"id":227,"date":"2017-08-22T12:21:24","date_gmt":"2017-08-22T10:21:24","guid":{"rendered":"http:\/\/schiri-boeblingen.de\/?page_id=227"},"modified":"2023-12-28T09:22:50","modified_gmt":"2023-12-28T08:22:50","slug":"pressespiegel","status":"publish","type":"page","link":"https:\/\/schiri-boeblingen.de\/?page_id=227","title":{"rendered":"Pressespiegel"},"content":{"rendered":"<p>Hier finden Sie Presseberichte \u00fcber die Schiedsrichtergruppe B\u00f6blingen:<\/p>\n<p><a href=\"https:\/\/schiri-boeblingen.de\/wp-content\/uploads\/2023\/12\/2023-12-12_Gaeubote_Ein-Jahr-Vereinsdialog.pdf\" target=\"_blank\" rel=\"noopener\">G\u00e4ubote vom 12.12.2023: Ein Jahr nach dem Vereinsdialog<\/a><\/p>\n<p><a href=\"https:\/\/schiri-boeblingen.de\/wp-content\/uploads\/2023\/09\/2023-09-02_Gaeubote_Regelaenderungen.pdf\" target=\"_blank\" rel=\"noopener\">G\u00e4ubote vom 02.09.2023: Regel\u00e4nderungen<\/a><\/p>\n<p><a href=\"https:\/\/schiri-boeblingen.de\/wp-content\/uploads\/2023\/09\/2023-08-19_Kreiszeitung_Pressekonferenz.pdf\" target=\"_blank\" rel=\"noopener\">Kreiszeitung vom 19.08.2023: Bericht zur Pressekonferenz<\/a><\/p>\n<p><a href=\"https:\/\/schiri-boeblingen.de\/wp-content\/uploads\/2023\/09\/2023-08-05_Gaeubote_Zwei-Talente.pdf\" target=\"_blank\" rel=\"noopener\">G\u00e4ubote vom 05.08.2023: Zwei Talente in der SRG B\u00f6blingen<\/a><\/p>\n<p><a href=\"https:\/\/schiri-boeblingen.de\/wp-content\/uploads\/2023\/09\/2023-07-28_Gaeubote_Ehrung_Tobias.pdf\" target=\"_blank\" rel=\"noopener\">G\u00e4ubote vom 28.07.2023: 1000 Spiele-Ehrung f\u00fcr Tobias Reichel<\/a><\/p>\n<p><a href=\"https:\/\/schiri-boeblingen.de\/wp-content\/uploads\/2023\/09\/2023-07-27_Kreiszeitung_Ehrung-Reichel.pdf\" target=\"_blank\" rel=\"noopener\">Kreiszeitung vom 27.07.2023: 1000 Spiele-Ehrung f\u00fcr Tobias Reichel<\/a><\/p>\n<p><a href=\"https:\/\/schiri-boeblingen.de\/wp-content\/uploads\/2023\/09\/2023-07-27_Gaeubote_Pressekonferenz.pdf\" target=\"_blank\" rel=\"noopener\">G\u00e4ubote vom 27.07.2023: Bericht zur Pressekonferenz<\/a><\/p>\n<p><a href=\"https:\/\/schiri-boeblingen.de\/wp-content\/uploads\/2023\/09\/2023-07-24_Kreiszeitung_Staffeltag.pdf\" target=\"_blank\" rel=\"noopener\">Kreiszeitung vom 24.07.2023: Bericht zum Staffeltag<\/a><\/p>\n<p><a href=\"https:\/\/schiri-boeblingen.de\/wp-content\/uploads\/2023\/09\/2023-07-24_Gaeubote_Staffeltag.pdf\" target=\"_blank\" rel=\"noopener\">G\u00e4ubote vom 24.07.2023: Bericht zum Staffeltag<\/a><\/p>\n<p><a href=\"https:\/\/schiri-boeblingen.de\/wp-content\/uploads\/2023\/09\/2023-06-16_Landesliga-Aufsteiger_Gaeubote.pdf\" target=\"_blank\" rel=\"noopener\">G\u00e4ubote vom 16.06.2023: Landesliga-Aufsteiger<\/a><\/p>\n<p><a href=\"https:\/\/schiri-boeblingen.de\/wp-content\/uploads\/2023\/09\/2023-02-18_Vereinsdialog_Gaeubote.pdf\" target=\"_blank\" rel=\"noopener\">G\u00e4ubote vom 18.02.2023: Situation in der Gruppe B\u00f6blingen<\/a><\/p>\n<p><a href=\"https:\/\/schiri-boeblingen.de\/wp-content\/uploads\/2023\/09\/2023-01-23_Vereinsdialog_Gaeubote.pdf\" target=\"_blank\" rel=\"noopener\">G\u00e4ubote vom 23.01.2023: Vereinsdialog Gruppe B\u00f6blingen<\/a><\/p>\n<p><a href=\"https:\/\/schiri-boeblingen.de\/wp-content\/uploads\/2023\/09\/2022-12-21_Ehrung_Achim_Gaeubote.pdf\" target=\"_blank\" rel=\"noopener\">G\u00e4ubote vom 21.12.2022: 1500 Spiele-Ehrung von Achim Gack<\/a><\/p>\n<p><a href=\"https:\/\/schiri-boeblingen.de\/wp-content\/uploads\/2023\/09\/2022-12-13_Gaeubote_Vereinsdialog.pdf\" target=\"_blank\" rel=\"noopener\">G\u00e4ubote vom 13.12.2022: Bericht vom Vereinsdialog<\/a><\/p>\n<p><a href=\"https:\/\/schiri-boeblingen.de\/wp-content\/uploads\/2023\/09\/2022-12-08_Vereinsdialog_Gaeubote.pdf\" target=\"_blank\" rel=\"noopener\">G\u00e4ubote vom 08.12.2022: Interview mit Obmann Achim Gack zum Vereinsdialog<\/a><\/p>\n<p><a href=\"https:\/\/schiri-boeblingen.de\/wp-content\/uploads\/2023\/09\/2022-11-04_Marco-Werner_Gaeubote.pdf\" target=\"_blank\" rel=\"noopener\">G\u00e4ubote vom 04.11.2022: Reportage \u00fcber Schiedsrichter Marco Werner<\/a><\/p>\n<p><a href=\"https:\/\/schiri-boeblingen.de\/wp-content\/uploads\/2022\/11\/2022-10-28_Schiedsrichter-brauchen-Hilfe_Gaeubote.pdf\" target=\"_blank\" rel=\"noopener\">G\u00e4ubote vom 28.10.2022: Schiedsrichter brauchen Hilfe<\/a><\/p>\n<p><a href=\"https:\/\/schiri-boeblingen.de\/wp-content\/uploads\/2023\/09\/2022-10-25_Karl-Heinz-Schnell_Gaeubote.pdf\" target=\"_blank\" rel=\"noopener\">G\u00e4ubote vom 25.10.2022: Ehrung Karl-Heinz Schnell<\/a><\/p>\n<p><a href=\"https:\/\/schiri-boeblingen.de\/wp-content\/uploads\/2023\/09\/2022-10-25_Jahresfest_Gaeubote.pdf\" target=\"_blank\" rel=\"noopener\">G\u00e4ubote vom 25.10.2022: Jahresfest der SRG B\u00f6blingen<\/a><\/p>\n<p><a href=\"https:\/\/schiri-boeblingen.de\/wp-content\/uploads\/2022\/10\/2022-10-08_Alarmstufe-Rot_Gaeubote.pdf\" target=\"_blank\" rel=\"noopener\">G\u00e4ubote vom 08.10.2022: Alarmstufe Rot bei der SRG B\u00f6blingen<\/a><\/p>\n<p><a href=\"https:\/\/schiri-boeblingen.de\/wp-content\/uploads\/2022\/08\/2022-07-29_Pressekonferenz_Gaeubote.pdf\" target=\"_blank\" rel=\"noopener\">G\u00e4ubote vom 29.07.2022: Bericht von der Pressekonferenz der SRG B\u00f6blingen<\/a><\/p>\n<p><a href=\"https:\/\/schiri-boeblingen.de\/wp-content\/uploads\/2022\/08\/2022-07-29_Pressekonferenz_KRZBB.pdf\" target=\"_blank\" rel=\"noopener\">Kreiszeitung vom 29.07.2022: Bericht von der Pressekonferenz der SRG B\u00f6blingen<\/a><\/p>\n<p><a href=\"https:\/\/schiri-boeblingen.de\/wp-content\/uploads\/2022\/05\/2022-05-19_1000er_Michi_Gaeubote.pdf\" target=\"_blank\" rel=\"noopener noreferrer\">G\u00e4ubote vom 19.05.2022: Bericht \u00fcber das 1000. Spiel von Michael J\u00f6rg<\/a><\/p>\n<p><a href=\"https:\/\/schiri-boeblingen.de\/wp-content\/uploads\/2022\/05\/2022-05-13_1000er_Michi_KRZ.pdf\" target=\"_blank\" rel=\"noopener noreferrer\">Kreiszeitung vom 13.05.2022: Bericht \u00fcber das 1000. Spiel von Michael J\u00f6rg<\/a><\/p>\n<p><a href=\"https:\/\/schiri-boeblingen.de\/wp-content\/uploads\/2022\/05\/2022-05-09_Danke_Schiri_KRZ.pdf\" target=\"_blank\" rel=\"noopener noreferrer\">Kreiszeitung vom 09.05.2022: Bericht \u00fcber Danke Schiri 2022<\/a><\/p>\n<p><a href=\"https:\/\/schiri-boeblingen.de\/wp-content\/uploads\/2022\/01\/2021-04_Neuling_Heine_Im_Spiel.pdf\" target=\"_blank\" rel=\"noopener noreferrer\">Im Spiel 04\/2021: Bericht \u00fcber Dominic Heine und den NLK 3.0 (Fotografin: Tatjana Vecsey)<\/a><\/p>\n<p><a href=\"https:\/\/schiri-boeblingen.de\/wp-content\/uploads\/2021\/12\/2021-12-17_Story_Stephany_KRZ.pdf\" target=\"_blank\" rel=\"noopener noreferrer\">Kreiszeitung vom 17.12.2021: Bericht \u00fcber Patrick Stephany<\/a><\/p>\n<p><a href=\"https:\/\/schiri-boeblingen.de\/wp-content\/uploads\/2021\/11\/2021-11-17_Neuling_Heine_Gaeubote.pdf\" target=\"_blank\" rel=\"noopener noreferrer\">G\u00e4ubote vom 17.11.2021: Bericht \u00fcber Dominic Heine und den Neulingskurs 3.0<\/a><\/p>\n<p><a href=\"https:\/\/schiri-boeblingen.de\/wp-content\/uploads\/2021\/11\/2021-10-21_Ehrungen_Gaeubote.pdf\" target=\"_blank\" rel=\"noopener noreferrer\">G\u00e4ubote vom 21.10.2021: Bericht \u00fcber die Ehrungen beim Grillfest der SRG B\u00f6blingen<\/a><\/p>\n<p><a href=\"https:\/\/schiri-boeblingen.de\/wp-content\/uploads\/2021\/11\/2021-10-20_Ehrungen_Kreiszeitung.pdf\" target=\"_blank\" rel=\"noopener noreferrer\">Kreiszeitung vom 20.10.2021: Bericht \u00fcber die Ehrungen beim Grillfest der SRG B\u00f6blingen<\/a><\/p>\n<p><a href=\"https:\/\/schiri-boeblingen.de\/wp-content\/uploads\/2021\/08\/2021-07-31_Leistungskader_Gaeubote.pdf\" target=\"_blank\" rel=\"noopener noreferrer\">G\u00e4ubote vom 31.07.2021: Bericht von der Pressekonferenz der SRG B\u00f6blingen<\/a><\/p>\n<p><a href=\"https:\/\/schiri-boeblingen.de\/wp-content\/uploads\/2021\/06\/2021-05-03_Hauptversammlung_Gaeubote.pdf\" target=\"_blank\" rel=\"noopener noreferrer\">G\u00e4ubote vom 03.05.2021: Bericht \u00fcber die Hauptversammlung der SRG B\u00f6blingen<\/a><\/p>\n<p><a href=\"https:\/\/schiri-boeblingen.de\/wp-content\/uploads\/2021\/06\/2021-05-03_Hauptversammlung_Kreiszeitung.pdf\" target=\"_blank\" rel=\"noopener noreferrer\">Kreiszeitung vom 03.05.2021: Bericht \u00fcber die Hauptversammlung der SRG B\u00f6blingen<\/a><\/p>\n<p><a href=\"https:\/\/schiri-boeblingen.de\/wp-content\/uploads\/2020\/12\/2020-12-02_Tobias_Reichel_Bundesliga_Gaeubote.pdf\" target=\"_blank\" rel=\"noopener noreferrer\">G\u00e4ubote vom 02.12.2020: Artikel \u00fcber den ersten Bundesliga-Einsatz von Tobias Reichel<\/a><\/p>\n<p><a href=\"https:\/\/schiri-boeblingen.de\/wp-content\/uploads\/2020\/09\/2020-09-05_Maxi_Jaeger_Gaeubote.pdf\" target=\"_blank\" rel=\"noopener noreferrer\">G\u00e4ubote vom 05.09.2020: Artikel \u00fcber Verbandsliga-Aufsteiger Maximilian J\u00e4ger<\/a><\/p>\n<p><a href=\"https:\/\/schiri-boeblingen.de\/wp-content\/uploads\/2020\/09\/2020-08-29_Grumbach_Gaeubote.pdf\" target=\"_blank\" rel=\"noopener noreferrer\">G\u00e4ubote vom 29.08.2020: Artikel \u00fcber Schiedsrichter Hermann Grumbach<\/a><\/p>\n<p><a href=\"https:\/\/schiri-boeblingen.de\/wp-content\/uploads\/2020\/08\/2020-07-31_Leistungskader_G\u00e4ubote.pdf\" target=\"_blank\" rel=\"noopener noreferrer\">G\u00e4ubote vom 31.07.2020: Bericht von der Pressekonferenz der SRG B\u00f6blingen<\/a><\/p>\n<p><a href=\"https:\/\/schiri-boeblingen.de\/wp-content\/uploads\/2020\/08\/2020-07-21_Kreiszeitung_Tobias_Reichel.pdf\" target=\"_blank\" rel=\"noopener noreferrer\">Kreiszeitung vom 21.07.2020: Bericht \u00fcber die abgelaufene Saison von Tobias Reichel<\/a><\/p>\n<p><a href=\"https:\/\/schiri-boeblingen.de\/wp-content\/uploads\/2020\/06\/2020-05-25_G\u00e4ubote_Interview_Gack.jpg\" target=\"_blank\" rel=\"noopener noreferrer\">G\u00e4ubote vom 25.05.2020: Interview mit Achim Gack zur aktuellen Situation des Rundenabbruchs<\/a><\/p>\n<p><a href=\"https:\/\/schiri-boeblingen.de\/wp-content\/uploads\/2020\/03\/2020-02-19_Interview_Gack_Kreiszeitung.pdf\" target=\"_blank\" rel=\"noopener noreferrer\">Kreiszeitung vom 19.02.2020: Interview mit Achim Gack als neuer Obmann der SRG B\u00f6blingen<\/a><\/p>\n<p><a href=\"https:\/\/schiri-boeblingen.de\/wp-content\/uploads\/2020\/01\/2020-01-17_Interview_Gack_G\u00e4ubote.pdf\" target=\"_blank\" rel=\"noopener noreferrer\">G\u00e4ubote vom 17.01.2020: Interview mit Achim Gack als neuer Obmann der SRG B\u00f6blingen<\/a><\/p>\n<p><a href=\"https:\/\/schiri-boeblingen.de\/wp-content\/uploads\/2019\/11\/2019-10-17_F\u00fchrungswechsel_G\u00e4ubote.pdf\" target=\"_blank\" rel=\"noopener noreferrer\">G\u00e4ubote vom 17.10.2019: Bericht \u00fcber den Wechsel der Gruppenleitung der SRG B\u00f6blingen<\/a><\/p>\n<p><a href=\"https:\/\/schiri-boeblingen.de\/wp-content\/uploads\/2019\/11\/2019-10-17_F\u00fchrungswechsel_KRZ.pdf\" target=\"_blank\" rel=\"noopener noreferrer\">Kreiszeitung vom 17.10.2019: Bericht <\/a><a href=\"https:\/\/schiri-boeblingen.de\/wp-content\/uploads\/2019\/11\/2019-10-17_F\u00fchrungswechsel_G\u00e4ubote.pdf\" target=\"_blank\" rel=\"noopener noreferrer\">\u00fcber den Wechsel der Gruppenleitung der <\/a><a href=\"https:\/\/schiri-boeblingen.de\/wp-content\/uploads\/2019\/11\/2019-10-17_F\u00fchrungswechsel_KRZ.pdf\" target=\"_blank\" rel=\"noopener noreferrer\"> SRG B\u00f6blingen<\/a><\/p>\n<p><a href=\"https:\/\/schiri-boeblingen.de\/wp-content\/uploads\/2019\/11\/2019-10-17_F\u00fchrungswechsel_SZBZ.pdf\" target=\"_blank\" rel=\"noopener noreferrer\">SZBZ vom 17.10.2019: Bericht <\/a><a href=\"https:\/\/schiri-boeblingen.de\/wp-content\/uploads\/2019\/11\/2019-10-17_F\u00fchrungswechsel_G\u00e4ubote.pdf\" target=\"_blank\" rel=\"noopener noreferrer\">\u00fcber den Wechsel der Gruppenleitung der <\/a><a href=\"https:\/\/schiri-boeblingen.de\/wp-content\/uploads\/2019\/11\/2019-10-17_F\u00fchrungswechsel_SZBZ.pdf\" target=\"_blank\" rel=\"noopener noreferrer\"> SRG B\u00f6blingen<\/a><\/p>\n<p><a href=\"https:\/\/schiri-boeblingen.de\/wp-content\/uploads\/2019\/11\/2019-07-23_Leistungskader_G\u00e4ubote.pdf\" target=\"_blank\" rel=\"noopener noreferrer\">G\u00e4ubote vom 23.07.2019: Bericht von der Pressekonferenz der SRG B\u00f6blingen<\/a><\/p>\n<p><a href=\"https:\/\/schiri-boeblingen.de\/wp-content\/uploads\/2019\/07\/2019-07-16_Verbandsehrung_Schnaufer_G\u00e4ubote.pdf\">G\u00e4ubote vom 16.07.2019: Bericht \u00fcber die Verbandsehrung von Thomas Schnaufer<\/a><\/p>\n<p><a href=\"https:\/\/schiri-boeblingen.de\/wp-content\/uploads\/2019\/07\/2019-07-15_Ehrung_Schnaufer_KRZ.pdf\">Kreiszeitung B\u00f6blingen vom 15.07.2019: Bericht \u00fcber die Verbandsehrung von Thomas Schnaufer<\/a><\/p>\n<p><a href=\"https:\/\/schiri-boeblingen.de\/wp-content\/uploads\/2019\/08\/2019-06-22_Bohacek_SZBZ.pdf\">SZBZ vom 22.06.2019: Bericht \u00fcber den Einsatz von Jan Bohacek im Relegationsspiel in T\u00fcbingen<\/a><\/p>\n<p><a href=\"https:\/\/schiri-boeblingen.de\/wp-content\/uploads\/2019\/06\/2019-05-27_Kuhbier_G\u00e4ubote.pdf\">G\u00e4ubote vom 27.05.2019: Bericht \u00fcber die Ehrung von Kurt-Heinz Kuhbier zur Auszeichnung der Verbandsehrennadel in Gold<\/a><\/p>\n<p><a href=\"https:\/\/schiri-boeblingen.de\/wp-content\/uploads\/2019\/06\/2019-05-24_Manuel_D\u00fcrr_G\u00e4ubote.pdf\">G\u00e4ubote vom 24.05.2019: Bericht \u00fcber den Abschied von Manuel D\u00fcrr<\/a><\/p>\n<p><a href=\"https:\/\/schiri-boeblingen.de\/wp-content\/uploads\/2019\/06\/2019-05-13_Reichel_G\u00e4ubote.pdf\">G\u00e4ubote vom 13.05.2019: Bericht \u00fcber die erste Bundesliga-Begegnung von Tobias Reichel als Video-Assistent<\/a><\/p>\n<p><a href=\"https:\/\/schiri-boeblingen.de\/wp-content\/uploads\/2019\/03\/2019-02-28_Schiris_SV_Nufringen_G\u00e4ubote.pdf\">G\u00e4ubote vom 28.02.2019: Bericht \u00fcber die Schiedsrichter des SV Nufringen<\/a><\/p>\n<p><a href=\"https:\/\/schiri-boeblingen.de\/wp-content\/uploads\/2018\/12\/2018-12-04_Jahresfest_G\u00e4ubote.pdf\">G\u00e4ubote vom 04.12.2018: Bericht vom Jahresfest der SRG B\u00f6blingen<\/a><\/p>\n<p><a href=\"https:\/\/schiri-boeblingen.de\/wp-content\/uploads\/2018\/12\/2018-12-03_Jahresfest_KRZBB.pdf\">Kreiszeitung B\u00f6blingen vom 03.12.2018: Bericht vom Jahresfest der SRG B\u00f6blingen<\/a><\/p>\n<p><a href=\"https:\/\/schiri-boeblingen.de\/wp-content\/uploads\/2018\/11\/2018-10-30_Kazim_Balin_G\u00e4ubote.pdf\" target=\"_blank\" rel=\"noopener noreferrer\">G\u00e4ubote vom 30.10.2018: Bericht \u00fcber Lebensretter Kazim Balin<\/a><\/p>\n<p><a href=\"https:\/\/schiri-boeblingen.de\/wp-content\/uploads\/2018\/08\/2018-08-02_Leistungskader_G\u00e4ubote.pdf\" target=\"_blank\" rel=\"noopener noreferrer\">G\u00e4ubote vom 02.08.2018: Bericht von der Pressekonferenz der SRG B\u00f6blingen<\/a><\/p>\n<p><a href=\"https:\/\/schiri-boeblingen.de\/wp-content\/uploads\/2018\/07\/2018-07-19_KRZBB_JtfO.pdf\" target=\"_blank\" rel=\"noopener noreferrer\">Kreiszeitung B\u00f6blingen vom 19.07.2018: Bericht \u00fcber das Schiedsrichter-Gespann bei &#8222;Jugend trainiert f\u00fcr Olympia&#8220;<\/a><\/p>\n<p><a href=\"https:\/\/schiri-boeblingen.de\/wp-content\/uploads\/2018\/03\/2018-02-06_SZBZ_HV.pdf\">SZBZ vom 06.02.2018: Bericht von der Hauptversammlung der SRG B\u00f6blingen<\/a><\/p>\n<p><a href=\"https:\/\/schiri-boeblingen.de\/wp-content\/uploads\/2018\/02\/2018-02-03_G\u00e4ubote_Hauptversammlung.pdf\">G\u00e4ubote vom 03.02.2018: Bericht von der Hauptversammlung der SRG B\u00f6blingen<\/a><\/p>\n<p><a href=\"https:\/\/schiri-boeblingen.de\/wp-content\/uploads\/2018\/02\/2018-02-03_KRZBB_Hauptversammlung.pdf\">Kreiszeitung B\u00f6blingen vom 03.02.2018: Bericht von der Hauptversammlung der SRG B\u00f6blingen<\/a><\/p>\n<p><a href=\"https:\/\/schiri-boeblingen.de\/wp-content\/uploads\/2018\/02\/2018-02-01_G\u00e4ubote_Neulingskurs.pdf\">G\u00e4ubote vom 01.02.2018: Bericht vor dem Neulingskurs der SRG B\u00f6blingen<\/a><\/p>\n<p><a href=\"https:\/\/schiri-boeblingen.de\/wp-content\/uploads\/2018\/02\/2018-02-01_KRZBB_Neulingskurs.pdf\" target=\"_blank\" rel=\"noopener noreferrer\">Kreiszeitung B\u00f6blingen vom 01.02.2018: Bericht vor dem Neulingskurs der SRG B\u00f6blingen<\/a><\/p>\n<p><a href=\"https:\/\/schiri-boeblingen.de\/wp-content\/uploads\/2018\/01\/2017-09-06_KRZBB_SR_Dreher.pdf\" target=\"_blank\" rel=\"noopener noreferrer\">Kreiszeitung B\u00f6blingen vom 06.09.2017: Bericht \u00fcber die Schiedsrichterin Miriam Dreher aus der SRG B\u00f6blingen<\/a><\/p>\n<p><a href=\"https:\/\/schiri-boeblingen.de\/wp-content\/uploads\/2017\/08\/2017-08-19_KRZ-BB_Leistungskader.pdf\" target=\"_blank\" rel=\"noopener noreferrer\">Kreiszeitung B\u00f6blingen vom 19.08.2017: Bericht vom Leistungskader der SRG B\u00f6blingen<\/a><\/p>\n<p><a href=\"https:\/\/schiri-boeblingen.de\/wp-content\/uploads\/2017\/08\/2017-08-19_KRZ-BB_Reichel.pdf\" target=\"_blank\" rel=\"noopener noreferrer\">Kreiszeitung B\u00f6blingen vom 19.08.2017: Interview mit Tobias Reichel<\/a><\/p>\n<p><a href=\"https:\/\/schiri-boeblingen.de\/wp-content\/uploads\/2018\/01\/2017-07-21_Gaeubote_Leistungskader.pdf\">G\u00e4ubote vom 21.07.2017: Bericht vom Leistungskader der SRG B\u00f6blingen<\/a><\/p>\n<p><a href=\"https:\/\/schiri-boeblingen.de\/wp-content\/uploads\/2018\/01\/2017-03-11_KRZBB_Neulingskurs.pdf\" target=\"_blank\" rel=\"noopener noreferrer\">Kreiszeitung B\u00f6blingen vom 11.03.2017: Bericht vom Neulingskurs der SRG B\u00f6blingen<\/a><\/p>\n","protected":false},"excerpt":{"rendered":"<p>Hier finden Sie Presseberichte \u00fcber die Schiedsrichtergruppe B\u00f6blingen: G\u00e4ubote vom 12.12.2023: Ein Jahr nach dem Vereinsdialog G\u00e4ubote vom 02.09.2023: Regel\u00e4nderungen Kreiszeitung vom 19.08.2023: Bericht zur Pressekonferenz G\u00e4ubote vom 05.08.2023: Zwei Talente in der SRG B\u00f6blingen G\u00e4ubote vom 28.07.2023: 1000 Spiele-Ehrung &hellip; <a href=\"https:\/\/schiri-boeblingen.de\/?page_id=227\">Weiterlesen <span class=\"meta-nav\">&rarr;<\/span><\/a><\/p>\n","protected":false},"author":2,"featured_media":0,"parent":0,"menu_order":0,"comment_status":"closed","ping_status":"closed","template":"","meta":{"footnotes":""},"class_list":["post-227","page","type-page","status-publish","hentry"],"_links":{"self":[{"href":"https:\/\/schiri-boeblingen.de\/index.php?rest_route=\/wp\/v2\/pages\/227","targetHints":{"allow":["GET"]}}],"collection":[{"href":"https:\/\/schiri-boeblingen.de\/index.php?rest_route=\/wp\/v2\/pages"}],"about":[{"href":"https:\/\/schiri-boeblingen.de\/index.php?rest_route=\/wp\/v2\/types\/page"}],"author":[{"embeddable":true,"href":"https:\/\/schiri-boeblingen.de\/index.php?rest_route=\/wp\/v2\/users\/2"}],"replies":[{"embeddable":true,"href":"https:\/\/schiri-boeblingen.de\/index.php?rest_route=%2Fwp%2Fv2%2Fcomments&post=227"}],"version-history":[{"count":63,"href":"https:\/\/schiri-boeblingen.de\/index.php?rest_route=\/wp\/v2\/pages\/227\/revisions"}],"predecessor-version":[{"id":1995,"href":"https:\/\/schiri-boeblingen.de\/index.php?rest_route=\/wp\/v2\/pages\/227\/revisions\/1995"}],"wp:attachment":[{"href":"https:\/\/schiri-boeblingen.de\/index.php?rest_route=%2Fwp%2Fv2%2Fmedia&parent=227"}],"curies":[{"name":"wp","href":"https:\/\/api.w.org\/{rel}","templated":true}]}}